{"id":3,"date":"2025-04-09T04:23:21","date_gmt":"2025-04-09T04:23:21","guid":{"rendered":"https:\/\/marpalomarmakeup.com\/?page_id=3"},"modified":"2025-05-30T19:33:45","modified_gmt":"2025-05-30T19:33:45","slug":"privacy-policy","status":"publish","type":"page","link":"https:\/\/marpalomarmakeup.com\/index.php\/privacy-policy\/","title":{"rendered":"Pol\u00edtica de Privacidad"},"content":{"rendered":"<p><strong>AVISO DE PRIVACIDAD \u2013 \u00daltima Actualizaci\u00f3n Marzo, 2025.<\/strong><\/p><p>Para Mariana Palomar Correa, marpalomarmakeup, es muy importante mantener la privacidad de los visitantes a nuestro sitio y de nuestros clientes.<\/p><p>Esta pol\u00edtica de privacidad describe la manera en que Moncayo Asesores puede recopilar, utilizar y compartir informaci\u00f3n que usted nos proporcione.<\/p><p>Hemos intentado mantener esta Pol\u00edtica de Privacidad lo menos complicado posible, sin embargo, si no est\u00e1 familiarizado con ninguno de los t\u00e9rminos utilizados o si tiene alguna pregunta, cont\u00e1ctenos a contacto@marpalomar.com. Su privacidad es muy importante para nosotros.<\/p><p>Es importante que usted se tome un tiempo para leer detalladamente nuestra Pol\u00edtica de Privacidad, para que este enterado de nuestras pr\u00e1cticas en lo relacionado a su informaci\u00f3n. Le pediremos su consentimiento antes de utilizar su informaci\u00f3n de cualquier manera y para cualquier fin que no sea el descrito en esta Pol\u00edtica de Privacidad.<\/p><p>1. Informaci\u00f3n que recopilamos.<\/p><p>Recopilamos informaci\u00f3n para proporcionar mejores servicios, incluyendo para determinar los tipos de contenido editorial, productos y servicios ofrecidos.<\/p><p>Recopilamos informaci\u00f3n sobre usted de las siguientes dos fuentes:<\/p><ol start=\"1\" class=\"wp-block-list\"><li>La informaci\u00f3n que usted nos proporciona. Por ejemplo, muchos de nuestros servicios requieren que usted comparta datos personales, como su nombre, direcci\u00f3n de correo electr\u00f3nico, a fin de contactarlo para una asesor\u00eda personalizada y domicilio para poder cumplir con la realizaci\u00f3n de nuestros servicios.<\/li>\n\n<li>La informaci\u00f3n que recopilamos sobre el uso de nuestro servicio. Esta informaci\u00f3n se refiere generalmente al contenido editorial que usted ve. Esta informaci\u00f3n incluye:<\/li><\/ol><p>(l) Informaci\u00f3n del dispositivo. Recopilamos informaci\u00f3n sobre los dispositivos que usa para acceder a nuestro Servicio, como la configuraci\u00f3n de hardware, el tipo de navegador, el idioma del navegador, la fecha y hora de su solicitud y el URL de referencia (referral URL).<\/p><p>(ll) Informaci\u00f3n de registro. Cuando utiliza nuestro Servicio, recopilamos y almacenamos autom\u00e1ticamente cierta informaci\u00f3n en los registros del servidor.<\/p><p>(lll) Informaci\u00f3n de Ubicaci\u00f3n. Cuando visita nuestro Servicio, podemos recopilar y procesar informaci\u00f3n sobre su ubicaci\u00f3n actual. Usamos diversas tecnolog\u00edas para determinar la ubicaci\u00f3n, incluyendo la direcci\u00f3n IP.<\/p><p>(lV) Almacenamiento local. Podemos recopilar y almacenar informaci\u00f3n (incluyendo informaci\u00f3n personal) localmente en su dispositivo, utilizando mecanismos como el almacenamiento web del navegador (incluyendo HTML 5), el cual permite que los datos se almacenen en un navegador, a\u00fan despu\u00e9s de que el navegador se haya cerrado y se haya vuelto a abrir y almacenes de datos \u201ccaches\u201d de la aplicaci\u00f3n que permiten que los datos se almacenen en su dispositivo, permitiendo que una aplicaci\u00f3n funcione sin conexi\u00f3n a Internet y que cargue el contenido m\u00e1s r\u00e1pido.<\/p><p>(V) Tecnolog\u00edas de Recolecci\u00f3n y Almacenamiento. Nosotros y nuestros socios utilizamos diversas tecnolog\u00edas para recopilar y almacenar informaci\u00f3n cuando accede&nbsp; y esto puede incluir el uso de cookies u otras tecnolog\u00edas para identificar su navegador o dispositivo. Tambi\u00e9n usamos estas tecnolog\u00edas para recopilar y almacenar informaci\u00f3n cuando accede a nuestro servicio e interact\u00faa con el contenido y los productos y servicios que ofrecemos, tal como los servicios de publicidad.<\/p><p>2. Utilidad de la informaci\u00f3n que recopilamos.<\/p><p>Utilizamos la informaci\u00f3n recopilada de los usuarios de nuestro servicio para proporcionarle contenido editorial m\u00e1s significativo y para ofrecerle productos y servicios relevantes, as\u00ed como para mantener, proteger y mejorar su experiencia en general. Particularmente, usted puede elegir:<\/p><p>(I) Suscribirse a cualquiera de nuestros boletines electr\u00f3nicos,<\/p><p>(II) Recibir \u201cofertas especiales\u201d<\/p><p>(III) Enviar preguntas, comentarios y respuestas al contenido editorial de nuestro servicio.<\/p><p>En cada una de esas instancias, se le pedir\u00e1 que proporcione, y recopilaremos y almacenaremos, cierta informaci\u00f3n personal, como la direcci\u00f3n de correo electr\u00f3nico.<\/p><p>Utilizamos informaci\u00f3n recopilada de cookies y otras tecnolog\u00edas, como etiquetas de p\u00edxeles, para mejorar su experiencia de usuario y la calidad general de nuestros servicios. Usted puede configurar su navegador para rechazar todas las cookies o para indicar cu\u00e1ndo se est\u00e1 transmitiendo una cookie. Pero, se le hace saber que es posible que no pueda acceder o utilizar algunas funciones y servicios en nuestro servicio sin activar las cookies. Una etiqueta de p\u00edxel o \u201cpixel tag\u201d es un tipo de tecnolog\u00eda que se coloca en una p\u00e1gina web o correo electr\u00f3nico y se utiliza con el fin de estudiar la actividad en una p\u00e1gina web y a menudo se utiliza en combinaci\u00f3n con cookies.<\/p><p>No rastreamos a nuestros usuarios en los sitios de terceros y, por lo tanto, no respondemos a las se\u00f1ales de No rastrear (\u201cDNT\u201d). Sin embargo, algunos sitios web de terceros realizan un rastreo de sus actividades de navegaci\u00f3n cuando le proporcionan contenido y eso les permite adaptar el contenido que le presentan. Si usted visita estos sitios, ciertos navegadores de sitios web le permiten configurar la se\u00f1al DNT en su navegador para notificar a terceros (particularmente los anunciantes) que usted no desea que se realice un rastreo.<\/p><ol start=\"3\" class=\"wp-block-list\"><li>Opciones de privacidad.<\/li><\/ol><p>Las personas tienen diferentes preocupaciones sobre la privacidad. Nuestro objetivo es ser transparentes en cuanto a la informaci\u00f3n que recopilamos para que usted pueda tomar decisiones importantes sobre el uso de esa informaci\u00f3n. Puede configurar las \u201copciones\u201d o \u201cpreferencias\u201d en su navegador para ser notificado antes de recibir cookies.<\/p><ol start=\"4\" class=\"wp-block-list\"><li>La informaci\u00f3n que usted comparte.<\/li><\/ol><p>Nuestro Servicio permite que los visitantes compartan informaci\u00f3n con otros, tal como comentarios sobre alg\u00fan contenido editorial e informaci\u00f3n compartida a trav\u00e9s de las redes sociales. Cuando usted comparte informaci\u00f3n, puede ser vista por otros por medio de mecanismos como los motores de b\u00fasqueda. No podemos responsabilizarnos de c\u00f3mo otras personas con las que haya compartido su informaci\u00f3n puedan usar esa informaci\u00f3n. (Consulte el numeral 7 a continuaci\u00f3n: El Alcance de Nuestra Pol\u00edtica de Privacidad)<\/p><ol start=\"5\" class=\"wp-block-list\"><li>La informaci\u00f3n que compartimos.<\/li><\/ol><p>No compartimos su informaci\u00f3n personal con compa\u00f1\u00edas, organizaciones ni individuos fuera de Moncayo Asesores, a menos que usted nos lo autorice por ser la naturaleza del servicio.&nbsp;<\/p><ol start=\"6\" class=\"wp-block-list\"><li>La protecci\u00f3n de su informaci\u00f3n.<\/li><\/ol><p>Trabajamos arduamente para proteger la informaci\u00f3n que usted nos proporcione, o que haya sido recopilado sobre los usuarios de nuestro servicio, del acceso no autorizado, o la modificaci\u00f3n, circulaci\u00f3n o destrucci\u00f3n.<\/p><p>Restringimos el acceso a la informaci\u00f3n personal a nuestros empleados, contratistas y agentes, a solo aquellos que necesiten conocer esa informaci\u00f3n para procesarla por nosotros, dichas personas est\u00e1n sujetas a la obligaci\u00f3n de estricta confidencialidad en relaci\u00f3n con esa informaci\u00f3n, y quienes est\u00e1n sujetos a ser amonestados, incluyendo el ser despedidos y\/o inicializados en un proceso legal por incumplimiento a dicha obligaci\u00f3n.<\/p><ol start=\"7\" class=\"wp-block-list\"><li>El alcance de nuestra Pol\u00edtica de Privacidad.<\/li><\/ol><p>Nuestra Pol\u00edtica de Privacidad se aplica a todos los servicios ofrecidos por Moncayo Asesores a trav\u00e9s de su sitio web. Sin embargo, nuestra Pol\u00edtica de privacidad no aplica a ninguno de los siguientes:<\/p><ol start=\"1\" class=\"wp-block-list\"><li>Servicios ofrecidos por otras compa\u00f1\u00edas o individuos en sitios web o aplicaciones que no son de Moncayo Asesores, incluyendo los sitios web o aplicaciones mencionadas; y<\/li>\n\n<li>La informaci\u00f3n recopilada y las pr\u00e1cticas de informaci\u00f3n de otras compa\u00f1\u00edas, organizaciones o individuos, que hacen publicidad para nuestro servicio, el contenido editorial o publicitario, o cualquiera de los productos o servicios ofrecidos en nuestro servicio, y que pueden utilizar cookies, etiquetas de p\u00edxeles y otras tecnolog\u00edas para servir y ofrecer anuncios relevantes.<\/li>\n\n<li>Gesti\u00f3n de quejas de nuestros usuarios de servicios y las autoridades regulatorias.<\/li><\/ol><p>Revisamos peri\u00f3dicamente el cumplimiento de esta Pol\u00edtica de Privacidad y con todas las mejores pr\u00e1cticas recomendadas a nivel de industria, as\u00ed como de las leyes y normativas aplicables. Cuando recibamos una queja formal por escrito, nos comunicaremos con la persona que present\u00f3 la queja para darle seguimiento. Esto es sin perjuicio de su derecho a iniciar un reclamo ante la autoridad local encargada de la supervisi\u00f3n de protecci\u00f3n de datos. Trabajamos con las autoridades reguladoras adecuadas, incluyendo las autoridades locales de protecci\u00f3n de datos para resolver cualquier queja relacionada con la transferencia de datos personales que no haya sido posible resolver directamente con los usuarios de nuestro Servicio.<\/p><ol start=\"9\" class=\"wp-block-list\"><li>Revisiones y Actualizaciones de la Pol\u00edtica de Privacidad.<\/li><\/ol><p>Nuestra Pol\u00edtica de Privacidad puede ser revisada peri\u00f3dicamente, en cuyo caso la Pol\u00edtica de Privacidad que usted vea ser\u00e1 la versi\u00f3n m\u00e1s reciente y la fecha de la \u00faltima revisi\u00f3n ser\u00e1 indicada al comienzo de esta Pol\u00edtica de privacidad. Le avisaremos con 30 d\u00edas de anticipaci\u00f3n sobre cualquier cambio sustancial a los t\u00e9rminos de esta Pol\u00edtica de privacidad.<\/p><ol start=\"10\" class=\"wp-block-list\"><li>Como Contactarnos.<\/li><\/ol><p>Si tiene alguna pregunta, inquietud o sugerencia sobre esta Pol\u00edtica de privacidad, puede contactarnos a contacto@marpalomarmakeup.com o visitando nuestras oficinas ubicadas en Calzada M\u00e9xico Tacuba 1051 torre D 407, CDMX<\/p>","protected":false},"excerpt":{"rendered":"<p>AVISO DE PRIVACIDAD \u2013 \u00daltima Actualizaci\u00f3n Marzo, 2025. Para Mariana Palomar Correa, marpalomarmakeup, es muy importante mantener la privacidad de los visitantes a nuestro sitio y de nuestros clientes. Esta pol\u00edtica de privacidad describe la manera en que Moncayo Asesores puede recopilar, utilizar y compartir informaci\u00f3n que usted nos proporcione. Hemos intentado mantener esta Pol\u00edtica [&hellip;]<\/p>\n","protected":false},"author":1,"featured_media":0,"parent":0,"menu_order":0,"comment_status":"closed","ping_status":"open","template":"","meta":{"_et_pb_use_builder":"","_et_pb_old_content":"","_et_gb_content_width":"","_joinchat":[],"footnotes":""},"class_list":["post-3","page","type-page","status-publish","hentry"],"jetpack_sharing_enabled":true,"_links":{"self":[{"href":"https:\/\/marpalomarmakeup.com\/index.php\/wp-json\/wp\/v2\/pages\/3","targetHints":{"allow":["GET"]}}],"collection":[{"href":"https:\/\/marpalomarmakeup.com\/index.php\/wp-json\/wp\/v2\/pages"}],"about":[{"href":"https:\/\/marpalomarmakeup.com\/index.php\/wp-json\/wp\/v2\/types\/page"}],"author":[{"embeddable":true,"href":"https:\/\/marpalomarmakeup.com\/index.php\/wp-json\/wp\/v2\/users\/1"}],"replies":[{"embeddable":true,"href":"https:\/\/marpalomarmakeup.com\/index.php\/wp-json\/wp\/v2\/comments?post=3"}],"version-history":[{"count":4,"href":"https:\/\/marpalomarmakeup.com\/index.php\/wp-json\/wp\/v2\/pages\/3\/revisions"}],"predecessor-version":[{"id":715,"href":"https:\/\/marpalomarmakeup.com\/index.php\/wp-json\/wp\/v2\/pages\/3\/revisions\/715"}],"wp:attachment":[{"href":"https:\/\/marpalomarmakeup.com\/index.php\/wp-json\/wp\/v2\/media?parent=3"}],"curies":[{"name":"wp","href":"https:\/\/api.w.org\/{rel}","templated":true}]}}